{"id":376,"date":"2023-11-13T09:28:50","date_gmt":"2023-11-13T09:28:50","guid":{"rendered":"http:\/\/www.agosto.film\/?page_id=376"},"modified":"2025-08-12T14:55:36","modified_gmt":"2025-08-12T14:55:36","slug":"il-domani-era-venuto-ricordare-e-non-dimenticare","status":"publish","type":"page","link":"https:\/\/www.agosto.film\/index.php\/documentari\/il-domani-era-venuto-ricordare-e-non-dimenticare\/","title":{"rendered":"Il domani era venuto. Ricordare e non dimenticare"},"content":{"rendered":"\n<figure class=\"wp-block-image size-large is-resized\"><img loading=\"lazy\" decoding=\"async\" width=\"744\" height=\"1024\" src=\"http:\/\/www.agosto.film\/wp-content\/uploads\/2025\/08\/Il-domani-era-venuto_locandina-744x1024.jpg\" alt=\"\" class=\"wp-image-490\" style=\"width:354px;height:auto\" srcset=\"https:\/\/www.agosto.film\/wp-content\/uploads\/2025\/08\/Il-domani-era-venuto_locandina-744x1024.jpg 744w, https:\/\/www.agosto.film\/wp-content\/uploads\/2025\/08\/Il-domani-era-venuto_locandina-218x300.jpg 218w, https:\/\/www.agosto.film\/wp-content\/uploads\/2025\/08\/Il-domani-era-venuto_locandina-768x1058.jpg 768w, https:\/\/www.agosto.film\/wp-content\/uploads\/2025\/08\/Il-domani-era-venuto_locandina-1115x1536.jpg 1115w, https:\/\/www.agosto.film\/wp-content\/uploads\/2025\/08\/Il-domani-era-venuto_locandina-1487x2048.jpg 1487w, https:\/\/www.agosto.film\/wp-content\/uploads\/2025\/08\/Il-domani-era-venuto_locandina-scaled.jpg 1859w\" sizes=\"auto, (max-width: 744px) 100vw, 744px\" \/><\/figure>\n\n\n\n<p>TRAILER<\/p>\n\n\n\n<figure class=\"wp-block-embed is-type-video is-provider-youtube wp-block-embed-youtube wp-embed-aspect-16-9 wp-has-aspect-ratio\"><div class=\"wp-block-embed__wrapper\">\n<iframe loading=\"lazy\"  id=\"_ytid_71388\"  width=\"880\" height=\"495\"  data-origwidth=\"880\" data-origheight=\"495\"  data-relstop=\"1\" src=\"https:\/\/www.youtube.com\/embed\/yaznPpTptHE?enablejsapi=1&#038;autoplay=0&#038;cc_load_policy=0&#038;cc_lang_pref=&#038;iv_load_policy=1&#038;loop=0&#038;modestbranding=0&#038;rel=0&#038;fs=1&#038;playsinline=0&#038;autohide=2&#038;theme=dark&#038;color=red&#038;controls=1&#038;\" class=\"__youtube_prefs__  epyt-is-override  no-lazyload\" title=\"YouTube player\"  allow=\"fullscreen; accelerometer; autoplay; clipboard-write; encrypted-media; gyroscope; picture-in-picture\" allowfullscreen data-no-lazy=\"1\" data-skipgform_ajax_framebjll=\"\"><\/iframe>\n<\/div><\/figure>\n\n\n\n<p>Sinossi:<\/p>\n\n\n\n<p>L\u2019amicizia di due ragazzi: Bruno che vive nella capitale e Pio che vive sulle montagne di Padola, legati da una profonda amicizia e da un destino fatto di lotta e amore. La loro storia inizia l\u2019otto settembre, giorno che cambier\u00e0 le loro vite e quelle di molti italiani che decidono di combattere il nazismo e il fascismo. Lo si faceva, in citt\u00e0 e in montagna. Bruno e Pio sono due partigiani.&nbsp;<\/p>\n\n\n\n<p>Liberamente tratto dal libro &#8220;Il domani era venuto&#8221; di Erica Silvestri.<\/p>\n\n\n\n<p>Struttura narrativa:<\/p>\n\n\n\n<p>Pio \u00e8 morto. Non sarebbe mai diventato un vecchio alpinista coi capelli bianchi. Nel 1943 Bruno e Pio sono amici. Si sono conosciuti anni prima a Padola, nelle Dolomiti. Pio ci \u00e8 nato. Bruno ci passa l\u2019estate dimenticando per un po\u2019 la capitale. Durante le vacanze vanno nei boschi, ridono, si divertono. Non sanno che quelle del \u201843 saranno le loro ultime avventure insieme. Bruno torna a Padola solo a guerra finita e scopre che Pio \u00e8 stato ucciso in uno scontro con i tedeschi. Pio, che in codice era Brusco, non vedr\u00e0 quel futuro di libert\u00e0 per il quale ha lasciato la sua casa, la sua famiglia, i suoi amici. Bruno non dimentica il suo amico delle montagne e racconta intrecciando i suoi ricordi con le vicende della Seconda Guerra Mondiale e della Resistenza. La storia di uno zaino da funghi che si trasforma nella valigia di un ragazzo armato di ideali antifascisti scorre insieme al ricordo della chiamata alle armi. Una corsa per distribuire clandestinamente i volantini di aiuto ai prigionieri politici si mescola a una corsa nei prati alpini col vento che scompiglia i ricci. La spensieratezza prima e il forte ideale antifascista poi, seguono l\u2019andare della storia e diventano patrimonio comune. Un patrimonio da tramandare per non dimenticare.<\/p>\n\n\n\n<figure class=\"wp-block-table\"><table class=\"has-fixed-layout\"><tbody><tr><td><img loading=\"lazy\" decoding=\"async\" width=\"300\" height=\"180\" class=\"wp-image-482\" style=\"width: 300px;\" src=\"http:\/\/www.agosto.film\/wp-content\/uploads\/2025\/07\/Out-Of-Competition-White.png\" alt=\"\" srcset=\"https:\/\/www.agosto.film\/wp-content\/uploads\/2025\/07\/Out-Of-Competition-White.png 2481w, https:\/\/www.agosto.film\/wp-content\/uploads\/2025\/07\/Out-Of-Competition-White-300x180.png 300w, https:\/\/www.agosto.film\/wp-content\/uploads\/2025\/07\/Out-Of-Competition-White-1024x615.png 1024w, https:\/\/www.agosto.film\/wp-content\/uploads\/2025\/07\/Out-Of-Competition-White-768x462.png 768w, https:\/\/www.agosto.film\/wp-content\/uploads\/2025\/07\/Out-Of-Competition-White-1536x923.png 1536w, https:\/\/www.agosto.film\/wp-content\/uploads\/2025\/07\/Out-Of-Competition-White-2048x1231.png 2048w\" sizes=\"auto, (max-width: 300px) 100vw, 300px\" \/><\/td><td><\/td><\/tr><tr><td><\/td><td><\/td><\/tr><\/tbody><\/table><\/figure>\n","protected":false},"excerpt":{"rendered":"<p>TRAILER Sinossi: L\u2019amicizia di due ragazzi: Bruno che vive nella capitale e Pio che vive sulle montagne di Padola, legati<\/p>\n<p><a href=\"https:\/\/www.agosto.film\/index.php\/documentari\/il-domani-era-venuto-ricordare-e-non-dimenticare\/\" class=\"more-link\">Continue reading<span class=\"screen-reader-text\">Il domani era venuto. Ricordare e non dimenticare<\/span><\/a><\/p>\n","protected":false},"author":1,"featured_media":0,"parent":171,"menu_order":0,"comment_status":"closed","ping_status":"closed","template":"","meta":{"footnotes":""},"class_list":["post-376","page","type-page","status-publish","hentry"],"_links":{"self":[{"href":"https:\/\/www.agosto.film\/index.php\/wp-json\/wp\/v2\/pages\/376","targetHints":{"allow":["GET"]}}],"collection":[{"href":"https:\/\/www.agosto.film\/index.php\/wp-json\/wp\/v2\/pages"}],"about":[{"href":"https:\/\/www.agosto.film\/index.php\/wp-json\/wp\/v2\/types\/page"}],"author":[{"embeddable":true,"href":"https:\/\/www.agosto.film\/index.php\/wp-json\/wp\/v2\/users\/1"}],"replies":[{"embeddable":true,"href":"https:\/\/www.agosto.film\/index.php\/wp-json\/wp\/v2\/comments?post=376"}],"version-history":[{"count":10,"href":"https:\/\/www.agosto.film\/index.php\/wp-json\/wp\/v2\/pages\/376\/revisions"}],"predecessor-version":[{"id":491,"href":"https:\/\/www.agosto.film\/index.php\/wp-json\/wp\/v2\/pages\/376\/revisions\/491"}],"up":[{"embeddable":true,"href":"https:\/\/www.agosto.film\/index.php\/wp-json\/wp\/v2\/pages\/171"}],"wp:attachment":[{"href":"https:\/\/www.agosto.film\/index.php\/wp-json\/wp\/v2\/media?parent=376"}],"curies":[{"name":"wp","href":"https:\/\/api.w.org\/{rel}","templated":true}]}}

<figure class="wp-block-image size-large is-resized"><img loading="lazy" decoding="async" width="744" height="1024" src="http://www.agosto.film/wp-content/uploads/2025/08/Il-domani-era-venuto_locandina-744x1024.jpg" alt="" class="wp-image-490" style="width:354px;height:auto" srcset="https://www.agosto.film/wp-content/uploads/2025/08/Il-domani-era-venuto_locandina-744x1024.jpg 744w, https://www.agosto.film/wp-content/uploads/2025/08/Il-domani-era-venuto_locandina-218x300.jpg 218w, https://www.agosto.film/wp-content/uploads/2025/08/Il-domani-era-venuto_locandina-768x1058.jpg 768w, https://www.agosto.film/wp-content/uploads/2025/08/Il-domani-era-venuto_locandina-1115x1536.jpg 1115w, https://www.agosto.film/wp-content/uploads/2025/08/Il-domani-era-venuto_locandina-1487x2048.jpg 1487w, https://www.agosto.film/wp-content/uploads/2025/08/Il-domani-era-venuto_locandina-scaled.jpg 1859w" sizes="auto, (max-width: 744px) 100vw, 744px" /></figure>



<p>TRAILER</p>



<figure class="wp-block-embed is-type-video is-provider-youtube wp-block-embed-youtube wp-embed-aspect-16-9 wp-has-aspect-ratio"><div class="wp-block-embed__wrapper">
<iframe loading="lazy"  id="_ytid_71388"  width="880" height="495"  data-origwidth="880" data-origheight="495"  data-relstop="1" src="https://www.youtube.com/embed/yaznPpTptHE?enablejsapi=1&#038;autoplay=0&#038;cc_load_policy=0&#038;cc_lang_pref=&#038;iv_load_policy=1&#038;loop=0&#038;modestbranding=0&#038;rel=0&#038;fs=1&#038;playsinline=0&#038;autohide=2&#038;theme=dark&#038;color=red&#038;controls=1&#038;" class="__youtube_prefs__  epyt-is-override  no-lazyload" title="YouTube player"  allow="fullscreen; accelerometer; autoplay; clipboard-write; encrypted-media; gyroscope; picture-in-picture" allowfullscreen data-no-lazy="1" data-skipgform_ajax_framebjll=""></iframe>
</div></figure>



<p>Sinossi:</p>



<p>L’amicizia di due ragazzi: Bruno che vive nella capitale e Pio che vive sulle montagne di Padola, legati da una profonda amicizia e da un destino fatto di lotta e amore. La loro storia inizia l’otto settembre, giorno che cambierà le loro vite e quelle di molti italiani che decidono di combattere il nazismo e il fascismo. Lo si faceva, in città e in montagna. Bruno e Pio sono due partigiani.&nbsp;</p>



<p>Liberamente tratto dal libro &#8220;Il domani era venuto&#8221; di Erica Silvestri.</p>



<p>Struttura narrativa:</p>



<p>Pio è morto. Non sarebbe mai diventato un vecchio alpinista coi capelli bianchi. Nel 1943 Bruno e Pio sono amici. Si sono conosciuti anni prima a Padola, nelle Dolomiti. Pio ci è nato. Bruno ci passa l’estate dimenticando per un po’ la capitale. Durante le vacanze vanno nei boschi, ridono, si divertono. Non sanno che quelle del ‘43 saranno le loro ultime avventure insieme. Bruno torna a Padola solo a guerra finita e scopre che Pio è stato ucciso in uno scontro con i tedeschi. Pio, che in codice era Brusco, non vedrà quel futuro di libertà per il quale ha lasciato la sua casa, la sua famiglia, i suoi amici. Bruno non dimentica il suo amico delle montagne e racconta intrecciando i suoi ricordi con le vicende della Seconda Guerra Mondiale e della Resistenza. La storia di uno zaino da funghi che si trasforma nella valigia di un ragazzo armato di ideali antifascisti scorre insieme al ricordo della chiamata alle armi. Una corsa per distribuire clandestinamente i volantini di aiuto ai prigionieri politici si mescola a una corsa nei prati alpini col vento che scompiglia i ricci. La spensieratezza prima e il forte ideale antifascista poi, seguono l’andare della storia e diventano patrimonio comune. Un patrimonio da tramandare per non dimenticare.</p>



<figure class="wp-block-table"><table class="has-fixed-layout"><tbody><tr><td><img loading="lazy" decoding="async" width="300" height="180" class="wp-image-482" style="width: 300px;" src="http://www.agosto.film/wp-content/uploads/2025/07/Out-Of-Competition-White.png" alt="" srcset="https://www.agosto.film/wp-content/uploads/2025/07/Out-Of-Competition-White.png 2481w, https://www.agosto.film/wp-content/uploads/2025/07/Out-Of-Competition-White-300x180.png 300w, https://www.agosto.film/wp-content/uploads/2025/07/Out-Of-Competition-White-1024x615.png 1024w, https://www.agosto.film/wp-content/uploads/2025/07/Out-Of-Competition-White-768x462.png 768w, https://www.agosto.film/wp-content/uploads/2025/07/Out-Of-Competition-White-1536x923.png 1536w, https://www.agosto.film/wp-content/uploads/2025/07/Out-Of-Competition-White-2048x1231.png 2048w" sizes="auto, (max-width: 300px) 100vw, 300px" /></td><td></td></tr><tr><td></td><td></td></tr></tbody></table></figure>
